*c + 19 = 0. What are the prime factors of n?
3
Let i be 12/(-4)*(1 + -2). Suppose 0 = 2*h - 0 + 8, -k + i*h + 48 = 0. Suppose 4*n + 78 = 2*d, -n + 0*n - k = -d. What are the prime factors of d?
3, 11
Suppose 0 = -4*f + 2*f + 6. Suppose -3*z - z + 27 = 3*s, -f*z = -5*s - 13. Suppose -d - 1 = -z. What are the prime factors of d?
5
Let g = 69 - 60. Suppose -546 + 1797 = g*j. What are the prime factors of j?
139
Suppose -w = 5*z - 17, 4*z - 3*w = -0*z + 25. Suppose 3*r - 3*a + 5*a - 4 = 0, -2 = 2*a. Suppose i = -r + z. List the prime factors of i.
2
Suppose 2*f + 60 + 26 = 3*q, 3*q - 5*f - 89 = 0. Let o = q + -11. What are the prime factors of o?
17
Let k = 4781 + -2148. List the prime factors of k.
2633
Let z(j) be the first derivative of j**3/3 - 6*j**2 + 11*j - 12. List the prime factors of z(12).
11
Suppose 9 = o + 5*x, -5 = -2*o + x + 2*x. List the prime factors of (o + (-6 - -3))/(2/82).
41
Let c = 1545 - -61. List the prime factors of c.
2, 11, 73
Let h = -116 + 225. What are the prime factors of h?
109
Let s be (-160)/(-24) + 2/6. Let z(y) = -y**3 + 8*y**2 + 7*y + 5. List the prime factors of z(s).
103
Let a = 1706 - 1011. List the prime factors of a.
5, 139
Let q = 85 + -81. Suppose -300 = -3*r - q*i, 5*i + 4 = -11. List the prime factors of r.
2, 13
Let u = 1757 - 1209. List the prime factors of u.
2, 137
Suppose -4*j = j. Suppose j = 5*y - 10, -2*y - 95 = -k - 4*y. List the prime factors of k.
7, 13
Suppose 0 = -32*i + 18101 + 52331. List the prime factors of i.
31, 71
Suppose 0 = 4*f - 30 - 150. Suppose -6*w + w + f = 0. What are the prime factors of w?
3
Suppose 0 = 5*l + 5*z + 5, 3*z + 3 = -6*l + 8*l. Suppose 3*c + 2 - 77 = l. What are the prime factors of c?
5
What are the prime factors of (22 - 26) + 2209/1?
3, 5, 7
Suppose 108 = 4*r - 4*w, -2*r - 5*w + 4 = -22. What are the prime factors of 145/3 - r/69?
2, 3
Let a(g) = g**3 - 3*g**2 - 6*g - 17. Let k be a(7). Suppose 8*d - 191 - k = 0. What are the prime factors of d?
41
What are the prime factors of 32/(-80) + (-3924)/(-10)?
2, 7
Suppose 0 = 4*v + 2*t - 4288, 2*v + t = -2*t + 2144. What are the prime factors of v?
2, 67
Let x be ((-3920)/(-24))/((-2)/(-3)). Let b = x - 161. What are the prime factors of b?
2, 3, 7
Let a be 1352/10 - (-6)/(2 + -32). Let y = a - 88. What are the prime factors of y?
47
Suppose 0 = -4*k - 5*n + 1, -11*n = -k - 9*n - 16. Let p(u) = -2*u**3 - 4*u**2 - 5*u - 6. What are the prime factors of p(k)?
2, 3, 13
Suppose 0 = 4*a + 16, 3*q + a = -3*a + 716. What are the prime factors of q?
2, 61
Let r(v) = 23*v + 2. Let n(k) = 11*k + 1. Let w(m) = -11*n(m) + 6*r(m). List the prime factors of w(5).
2, 43
Let o = -24 + 14. List the prime factors of ((-12)/o)/(2/35).
3, 7
Let u(g) = 4*g**3 + 4*g**2 + 13*g - 3. Let i(s) = -3*s**3 - 3*s**2 - 12*s + 2. Let d(n) = -5*i(n) - 4*u(n). List the prime factors of d(-4).
2, 3
Let l(k) = 2*k**2 - 7*k + 14. Suppose -3*y = -0*y + x - 18, 2*y = -4*x + 2. List the prime factors of l(y).
3, 7
Let z(o) = 5*o**2 - 1. Let v be z(1). Let f = v + -6. What are the prime factors of 17 + (0 - 0 - f)?
19
Let g(w) = w**2 + 32*w - 48. What are the prime factors of g(10)?
2, 3, 31
Suppose -9*k + 44 = -8*k. Suppose 0 = 4*d - 5*r - 78, -2*d + k = -r + 8. List the prime factors of d.
17
Let y(q) = 32*q - 38. List the prime factors of y(19).
2, 3, 5, 19
Let a(d) = 18*d**2 - 3*d + 36. List the prime factors of a(12).
2, 3
Let h(o) = 177*o**2 + 23*o - 49. What are the prime factors of h(4)?
5, 23
Let g(m) = m**3 - 22*m**2 + 28*m - 23. Let j be g(25). Suppose 12*y = y + j. List the prime factors of y.
2, 29
Suppose -2*h - 13*t + 10*t + 3925 = 0, -4*h = 2*t - 7846. What are the prime factors of h?
37, 53
Let r be (-4 + 20)/(-4) + 70. Let g = -23 + r. List the prime factors of g.
43
Suppose 0 = -2*j - 27*j + 15747. List the prime factors of j.
3, 181
Suppose -2*a + 4*j + 1174 = 0, 0*a - 2*j + 2947 = 5*a. List the prime factors of a.
19, 31
Let k = 11 - 20. Let b = k - -13. Suppose x - 2 = -d + b, -5*x - 4*d = -30. What are the prime factors of x?
2, 3
Suppose -q = -5*d - 37, d - 2 - 5 = 5*q. Let x be (-4 + 0)*4/d. Suppose 3*s - 22 = 5*j - 89, -5*j - x*s + 47 = 0. What are the prime factors of j?
11
What are the prime factors of (33/(-9))/((-10)/1980)?
2, 3, 11
Suppose -g + 387 - 57 = 0. Let m = g + -150. List the prime factors of m.
2, 3, 5
Suppose -22*c + 11000 = 3124. List the prime factors of c.
2, 179
Let d(y) = -y**2 + 36*y + 5. List the prime factors of d(31).
2, 5
Let w(q) = q**2 - 5*q + 4. Let a be w(7). Let c = -11 + a. List the prime factors of c/14*(25 - 1).
2, 3
Suppose 17*q - 38332 = -20*q. What are the prime factors of q?
2, 7, 37
Let h(s) = -s + 1. Let q be 176/(-40) - (-4)/10. Let p be h(q). Suppose 0 = 2*a - p*m - 33, -5*a = -m - 0*m - 48. List the prime factors of a.
3
Suppose 3*p = -5*w + 4664, -2*w = 4*p - 2429 - 3771. What are the prime factors of p?
2, 3, 43
Suppose -290*y = -295*y + 655. List the prime factors of y.
131
List the prime factors of (-66)/(-11) + 494 + -1.
499
Suppose 6*f - 9*f = -318. What are the prime factors of f?
2, 53
Let q = -17 - -24. Suppose -q*v - 380 = -12*v. List the prime factors of v.
2, 19
Let u(o) = -3*o - 3. Let m be u(-4). Let f(a) = -1 + m*a**3 - a - 1 - a**2 + 3 - 3*a**3. What are the prime factors of f(1)?
5
Suppose x - 5*p - 1114 = 0, -p + 6*p = 5*x - 5570. What are the prime factors of x?
2, 557
Suppose 23 - 73 = -y - 2*q, -2*y - 2*q + 102 = 0. Suppose -5*m + 146 = u, 5*m + 4*u = y + 82. List the prime factors of m.
2, 3, 5
Suppose -18*f + 22*f = 6244. List the prime factors of f.
7, 223
What are the prime factors of (-88 - -110)/(2/113)?
11, 113
Suppose -9*x + 47*x = 101346. List the prime factors of x.
3, 7, 127
Let u(j) = j**2 + 13*j - 10. Let h be u(-14). Suppose 0 = -h*d + 7*d - 156. What are the prime factors of d?
2, 13
Suppose -2 = 5*s + 118. Let n be s/(-8)*(-2)/(-3). Suppose 0*a = 3*h + a - 110, -5*h + n*a = -198. List the prime factors of h.
2, 19
Suppose 0 = -2*l - 6 - 0. Let q be l + (4 - (3 + -4)). Suppose 0 = 3*w - 6, -2*w = -a + q*w + 13. List the prime factors of a.
3, 7
Suppose -2*j - p = -3*p - 4, 2 = j + 3*p. Suppose 42 = j*q - 4*v, q - 4*v - 13 = -2. List the prime factors of q.
31
Let j(i) = 27*i**2 - 2*i. Let x be j(1). Suppose 2*t + x = 7*t. Suppose t*f + b = 163, -2*b + 119 = 5*f - 42. List the prime factors of f.
3, 11
Let k(n) be the first derivative of -5*n**2 - 10*n + 6. Let w(q) = q**2 - q + 1. Let u(b) = k(b) - w(b). What are the prime factors of u(-5)?
3
Let x(a) = -6*a + 32. Let u be x(5). List the prime factors of (696/(-16))/(u/(-4)).
3, 29
Suppose 3*r - 35 = -2*r. Suppose -306 = h - r*h. What are the prime factors of h?
3, 17
Let p(a) = 7*a**2 - 4*a + 3. Let i be p(2). Suppose 5*j + 3*l - 24 = 25, i = 4*j - 3*l. Suppose -11 = -j*d + 7*d. What are the prime factors of d?
11
Let z(w) = -w**3 + 5*w**2 + 10*w. Let p be z(7). List the prime factors of -14*(0 + 40/p).
2, 5
Suppose 0 = 95*a - 90*a - 4415. List the prime factors of a.
883
Let g(u) = -12*u - 6. Let f be (30/(-4))/1 + (-18)/(-36). List the prime factors of g(f).
2, 3, 13
Let i(d) = d - 4. Let t be i(6). Let q(j) = 6*j**3 - 2*j**2 + 4*j - 2. What are the prime factors of q(t)?
2, 23
Let z = 42 - 37. Suppose z*m - 3*o + 35 = 137, 0 = 2*m + 2*o - 28. List the prime factors of m.
2, 3
Suppose 0 = 2*b + 375 - 1901. List the prime factors of b.
7, 109
Let u = 173 - -631. What are the prime factors of u?
2, 3, 67
Suppose -38 = 5*h + 157. Let g = 124 + h. List the prime factors of g.
5, 17
Suppose b + 8 = 7*p - 3*p, -2*b = 4*p - 32. Let j = b + 4. List the prime factors of j.
2, 3
List the prime factors of 22040/608*(-1616)/(-10).
2, 29, 101
Suppose 4*z - 2*a = -z + 1259, -5*z + 1274 = 3*a. List the prime factors of z.
11, 23
Suppose i + 42 = -6*f + 3*f, -2*f = -5*i - 244. Let h = 26 - i. List the prime factors of h.
2, 37
Let q be 2 + 97 - (-5 - -1 - -1). Suppose 2*s = 4*k + q, -5*s - 3*k + 300 = 2*k. What are the prime factors of s?
3, 19
Suppose 3*h - 14 = -0*h - 5*m, -4*h - m + 13 = 0. Let c(w) = -w**h - w - 2*w**2 + w - 2*w + 0*w**2 - 3. List the prime factors of c(-4).
37
Suppose 1250 = -0*d + 5*d. Suppose 4*t + d = 3*p, -280 = -3*p + 3*t - 5*t. Suppose 8*k + p = 11*k. List the prime factors of k.